{"id":489,"date":"2021-03-01T19:20:55","date_gmt":"2021-03-01T19:20:55","guid":{"rendered":"http:\/\/fewo-laer-muenster.de\/?page_id=489"},"modified":"2021-03-01T19:23:08","modified_gmt":"2021-03-01T19:23:08","slug":"gaestebuch-nachrichten","status":"publish","type":"page","link":"https:\/\/fewo-laer-muenster.de\/?page_id=489","title":{"rendered":"G\u00e4stebuch"},"content":{"rendered":"\n<p> <\/p>\n\n\n<div class=\"gwolle-gb\"><div class=\"gwolle_gb_messages_top_container\"><\/div>\n\t\t\t<div class=\"gwolle-gb-write-button\">\n\t\t\t\t<input type=\"button\" name=\"gwolle-gb-write-button\" class=\"button btn btn-default \" value=\"Neuen Eintrag schreiben\" \/>\n\t\t\t<\/div>\n\t\t\t<form action=\"#\" method=\"POST\" class=\"gwolle-gb-write gwolle-gb-hide gwolle-gb-float gwolle_gb_form_ajax gwolle-gb-form-ajax gwolle-gb-ajax gwolle-gb-not-logged-in\">\n\t\t\t\t<h3>Einen neuen Eintrag f\u00fcr das G\u00e4stebuch schreiben<\/h3>\n\t\t\t\t<button type=\"button\" class=\"gb-notice-dismiss\">x<span class=\"screen-reader-text\">Dieses Formular ausblenden<\/span><\/button>\n\t\t\t\n\t\t\t\t<input type=\"hidden\" name=\"gwolle_gb_function\" class=\"gwolle_gb_function\" value=\"add_entry\" \/><input type=\"hidden\" name=\"gwolle_gb_book_id\" class=\"gwolle_gb_book_id\" value=\"1\" \/><div class=\"gwolle_gb_ab463cc64a26f50b7aef2f5ca3fc9f3b\">\n\t\t\t\t<div class=\"label\"><label for=\"gwolle_gb_ab463cc64a26f50b7aef2f5ca3fc9f3b\" class=\"text-info\">Name <span class=\"required\">*<\/span><\/label><\/div>\n\t\t\t\t<div class=\"input\"><input class=\"wp-exclude-emoji gwolle_gb_ab463cc64a26f50b7aef2f5ca3fc9f3b\" value=\"\" type=\"text\" name=\"gwolle_gb_ab463cc64a26f50b7aef2f5ca3fc9f3b\" required \/><\/div>\n\t\t\t\t<div class=\"clearBoth\">&nbsp;<\/div>\n\t\t\t<\/div><div class=\"gwolle_gb_2f741272723b543c4469b5cfda66e85a\">\n\t\t\t\t<div class=\"label\"><label for=\"gwolle_gb_2f741272723b543c4469b5cfda66e85a\" class=\"text-info\">E-Mail <span class=\"required\">*<\/span><\/label><\/div>\n\t\t\t\t<div class=\"input\"><input class=\"gwolle_gb_2f741272723b543c4469b5cfda66e85a\" value=\"\" type=\"email\" name=\"gwolle_gb_2f741272723b543c4469b5cfda66e85a\" required \/><\/div>\n\t\t\t\t<div class=\"clearBoth\">&nbsp;<\/div>\n\t\t\t<\/div>\n\t\t\t<div class=\"gwolle_gb_2d4709b59d9adc571f1f9011606d0b74\" style=\"display:none;overflow:hidden;\">\n\t\t\t\t<div class=\"label\">\n\t\t\t\t\t<label for=\"gwolle_gb_2d4709b59d9adc571f1f9011606d0b74\" class=\"text-primary\">Hier nichts eingeben<\/label>\n\t\t\t\t\t<label for=\"gwolle_gb_aa7ad6061d585423c5a6b61831ab3a7f\" class=\"text-primary\">Hier nichts eingeben<\/label>\n\t\t\t\t<\/div>\n\t\t\t\t<div class=\"input\">\n\t\t\t\t\t<input value=\"30\" type=\"text\" name=\"gwolle_gb_2d4709b59d9adc571f1f9011606d0b74\" class=\"gwolle_gb_2d4709b59d9adc571f1f9011606d0b74\" style=\"transform: translateY(10000px);\" \/>\n\t\t\t\t\t<input value=\"\" type=\"text\" name=\"gwolle_gb_aa7ad6061d585423c5a6b61831ab3a7f\" class=\"gwolle_gb_aa7ad6061d585423c5a6b61831ab3a7f\" style=\"transform: translateY(10000px);\" \/>\n\t\t\t\t<\/div>\n\t\t\t\t<div class=\"clearBoth\"><\/div>\n\t\t\t<\/div>\n\t\t\t<div class=\"gwolle_gb_a62946250221aa3b8c644dbc8eca7c52\" style=\"display:none;overflow:hidden;\">\n\t\t\t\t<div class=\"label\">\n\t\t\t\t\t<label for=\"gwolle_gb_a62946250221aa3b8c644dbc8eca7c52\" class=\"text-primary\">Hier nichts eingeben<\/label>\n\t\t\t\t\t<label for=\"gwolle_gb_aeba7ead74ff5b4c8c3e657fd138a2c7\" class=\"text-primary\">Hier nichts eingeben<\/label>\n\t\t\t\t<\/div>\n\t\t\t\t<div class=\"input\">\n\t\t\t\t\t<input value=\"78417\" type=\"text\" name=\"gwolle_gb_a62946250221aa3b8c644dbc8eca7c52\" class=\"gwolle_gb_a62946250221aa3b8c644dbc8eca7c52\" style=\"transform: translateY(10000px);\" \/>\n\t\t\t\t\t<input value=\"78417\" type=\"text\" name=\"gwolle_gb_aeba7ead74ff5b4c8c3e657fd138a2c7\" class=\"gwolle_gb_aeba7ead74ff5b4c8c3e657fd138a2c7\" style=\"transform: translateY(10000px);\" \/>\n\t\t\t\t<\/div>\n\t\t\t\t<div class=\"clearBoth\"><\/div>\n\t\t\t<\/div><div class=\"gwolle_gb_content\">\n\t\t\t\t<div class=\"label\"><label for=\"gwolle_gb_content\" class=\"text-info\">G\u00e4stebucheintrag <span class=\"required\">*<\/span><\/label><\/div>\n\t\t\t\t<div class=\"input\"><textarea name=\"gwolle_gb_content\" class=\"gwolle_gb_content wp-exclude-emoji\" required ><\/textarea><\/div>\n\t\t\t\t\t<div class=\"clearBoth\">&nbsp;<\/div>\n\t\t\t\t<\/div><input type=\"hidden\" class=\"gwolle_gb_b9d3cb316c1afac3528112a545b32980\" name=\"gwolle_gb_b9d3cb316c1afac3528112a545b32980\" value=\"f7b8eda7d3\" \/>\n\t\t\t<div class=\"gwolle_gb_messages_bottom_container\"><\/div>\n\n\t\t\t<noscript><div class=\"no-js\">Warnung: Dieses Formular kann nur verwendet werden, wenn in deinem Browser JavaScript aktiviert ist.<\/div><\/noscript>\n\n\t\t\t<div class=\"gwolle_gb_submit\">\n\t\t\t\t<div class=\"label gwolle-gb-invisible text-muted\">&nbsp;<\/div>\n\t\t\t\t<div class=\"input\">\n\t\t\t\t\t<input type=\"submit\" name=\"gwolle_gb_submit\" class=\"gwolle_gb_submit button btn btn-primary \" value=\"Absenden\" \/>\n\t\t\t\t\t<span class=\"gwolle_gb_submit_ajax_icon\"><\/span>\n\t\t\t\n\t\t\t\t<\/div>\n\t\t\t\t<div class=\"clearBoth\">&nbsp;<\/div>\n\t\t\t<\/div>\n\n\t\t\t<div class=\"gwolle_gb_notice\">\n\t\t\t\tMit * gekennzeichnete Felder sind erforderlich.<br \/>\r\nDeine E-Mail-Adresse wird nicht ver\u00f6ffentlicht.<br \/>\r\nEs ist m\u00f6glich, dass dein Eintrag im G\u00e4stebuch erst sichtbar ist, nachdem wir ihn \u00fcberpr\u00fcft haben.<br \/>\r\nWir behalten uns vor, Eintr\u00e4ge zu bearbeiten, zu l\u00f6schen oder nicht zu ver\u00f6ffentlichen.\n\t\t\t<\/div><\/form><div class=\"gwolle-gb-read gwolle-gb-ajax gwolle-gb-entries-list\" data-book_id=\"1\" data-page_id=\"1\">\n\t\t<div id=\"gwolle-gb-total\" class=\"gwolle-gb-total\">10 Eintr\u00e4ge<\/div><!-- Gwolle-GB Entry: Default Template Loaded -->\n\t\t\t\t<div class=\"gb-entry gb-entry_16 gb-entry-count_1 gwolle_gb_uneven gwolle-gb-uneven gwolle-gb-first\" data-entry_id=\"16\">\n\t\t\t\t<article>\n\t\t\t\t\t<div class=\"gb-author-info\">\n\t\t\t\t\t\t<span class=\"gb-author-name\">Angelika und Dieter Dworschak\n\t\t\t\t\t\t<\/span>\n\t\t\t\t\t\t<span class=\"gb-datetime\">\n\t\t\t\t\t\t\t<span class=\"gb-date\"><span class=\"gb-date-wrote-text\"> schrieb am<\/span><span class=\"gb-date-text\"> 1. August 2021<\/span>\n\t\t\t\t\t\t\t<\/span>\n\t\t\t\t\t\t<\/span> \n\t\t\t\t\t<\/div>\n\t\t\t\t\t<div class=\"gb-entry-content\">F\u00fcr unseren Fahrradurlaub im M\u00fcnsterland war die Ferienwohnung Stenzel wirklich genau das richtige \u201eBasislager\u201c. Sie war sehr ger\u00e4umig und luftig, die K\u00fcche sehr gut ausgestattet, der Wohnbereich behaglich und mit B\u00fcchern, gut sortiertem Infomaterial und Spielen ausgestattet, die eigene Sitzecke im Garten bzw. der Balkon haben den Komfort vervollst\u00e4ndigt. Unser Auto konnten wir direkt auf dem Grundst\u00fcck parken und die R\u00e4der in der Garage der Vermieter unterbringen. Frau Stenzel und Herr M\u00f6llers waren sehr freundlich und entgegenkommend, haben uns mit Tipps f\u00fcr Ausfl\u00fcge und bei der  L\u00f6sung praktischer Fragen unterst\u00fctzt. Es war wirklich eine gute Wahl, diese Wohnung gebucht zu haben.\n\t\t\t\t\t<\/div>\n\t\t\t\t<\/article>\n\t\t\t<\/div>\n\t\t\t<div class=\"gb-entry gb-entry_15 gb-entry-count_2 gwolle_gb_even gwolle-gb-even\" data-entry_id=\"15\">\n\t\t\t\t<article>\n\t\t\t\t\t<div class=\"gb-author-info\">\n\t\t\t\t\t\t<span class=\"gb-author-name\"><i class=\"gb-moderator\">Peter<\/i>\n\t\t\t\t\t\t<\/span>\n\t\t\t\t\t\t<span class=\"gb-datetime\">\n\t\t\t\t\t\t\t<span class=\"gb-date\"><span class=\"gb-date-wrote-text\"> schrieb am<\/span><span class=\"gb-date-text\"> 12. Juni 2021<\/span>\n\t\t\t\t\t\t\t<\/span>\n\t\t\t\t\t\t<\/span> \n\t\t\t\t\t<\/div>\n\t\t\t\t\t<div class=\"gb-entry-content\">Das G\u00e4stebuch ist wieder online\n\t\t\t\t\t<\/div>\n\t\t\t\t<\/article>\n\t\t\t<\/div>\n\t\t\t<div class=\"gb-entry gb-entry_9 gb-entry-count_3 gwolle_gb_uneven gwolle-gb-uneven\" data-entry_id=\"9\">\n\t\t\t\t<article>\n\t\t\t\t\t<div class=\"gb-author-info\">\n\t\t\t\t\t\t<span class=\"gb-author-name\">Gerd und Betina Vogel\n\t\t\t\t\t\t<\/span>\n\t\t\t\t\t\t<span class=\"gb-datetime\">\n\t\t\t\t\t\t\t<span class=\"gb-date\"><span class=\"gb-date-wrote-text\"> schrieb am<\/span><span class=\"gb-date-text\"> 20. August 2020<\/span>\n\t\t\t\t\t\t\t<\/span>\n\t\t\t\t\t\t<\/span> \n\t\t\t\t\t<\/div>\n\t\t\t\t\t<div class=\"gb-entry-content\">Nette Wohnung in zentraler Lage im M\u00fcnsterland, B\u00e4cker und Metzger nur ein paar Gehminuten entfernt. Netter und sehr entgegenkommender Vermieter. Wir haben uns hier sehr wohl gef\u00fchlt. F\u00fcr einen Radurlaub sehr zu empfehlen.\n\t\t\t\t\t<\/div>\n\t\t\t\t<\/article>\n\t\t\t<\/div>\n\t\t\t<div class=\"gb-entry gb-entry_8 gb-entry-count_4 gwolle_gb_even gwolle-gb-even\" data-entry_id=\"8\">\n\t\t\t\t<article>\n\t\t\t\t\t<div class=\"gb-author-info\">\n\t\t\t\t\t\t<span class=\"gb-author-name\"><a href=\"http:\/\/fewo-laer-muenster.de\/content\" target=\"_blank\" rel=\"nofollow noopener noreferrer\"\n\t\t\t\t\t\t\ttitle=\"Besuche die Website von Markus Kalina: http:\/\/fewo-laer-muenster.de\/content\">Markus Kalina<\/a>\n\t\t\t\t\t\t<\/span>\n\t\t\t\t\t\t<span class=\"gb-datetime\">\n\t\t\t\t\t\t\t<span class=\"gb-date\"><span class=\"gb-date-wrote-text\"> schrieb am<\/span><span class=\"gb-date-text\"> 17. August 2020<\/span>\n\t\t\t\t\t\t\t<\/span>\n\t\t\t\t\t\t<\/span> \n\t\t\t\t\t<\/div>\n\t\t\t\t\t<div class=\"gb-entry-content\">Stand 2020 ( 01.08 -- 07.08 2020 )\r\nAbsolut tolle Ferienwohnung in Laer,auf jeder Etage einen Fernseher, Metzger &amp; B\u00e4cker in der N\u00e4he, 2 Terassen ( Sonnenseite &amp; Schattenseite ).\r\nJedes mal wieder gerne, ich hoffe Frau Stenzel, das Sie das lesen.\r\nGro\u00dfes Lob geht auch an Herrn M\u00f6llers, der es mir \u00fcberhaupt erm\u00f6glichen konnte, so kurzfristig dort meinen Urlaub zu genie\u00dfen.\r\n\r\nLiebe Gr\u00fc\u00dfe aus dem Sauerland....\n\t\t\t\t\t<\/div>\n\t\t\t\t<\/article>\n\t\t\t<\/div>\n\t\t\t<div class=\"gb-entry gb-entry_7 gb-entry-count_5 gwolle_gb_uneven gwolle-gb-uneven\" data-entry_id=\"7\">\n\t\t\t\t<article>\n\t\t\t\t\t<div class=\"gb-author-info\">\n\t\t\t\t\t\t<span class=\"gb-author-name\">Claudia\n\t\t\t\t\t\t<\/span>\n\t\t\t\t\t\t<span class=\"gb-datetime\">\n\t\t\t\t\t\t\t<span class=\"gb-date\"><span class=\"gb-date-wrote-text\"> schrieb am<\/span><span class=\"gb-date-text\"> 15. Dezember 2018<\/span>\n\t\t\t\t\t\t\t<\/span>\n\t\t\t\t\t\t<\/span> \n\t\t\t\t\t<\/div>\n\t\t\t\t\t<div class=\"gb-entry-content\">Perfekt eingerichtetes Haus. Au\u00dfergew\u00f6hnlich und mit viel Liebe zum Detail.  Sehr entgegenkommenende unkomplizierte Gastgeberin. Herzlichen Dank. Wir ( f\u00fcnfk\u00f6pfige Familie) haben uns sehr wohl gef\u00fchlt\n\t\t\t\t\t<\/div>\n\t\t\t\t<\/article>\n\t\t\t<\/div>\n\t\t\t<div class=\"gb-entry gb-entry_6 gb-entry-count_6 gwolle_gb_even gwolle-gb-even\" data-entry_id=\"6\">\n\t\t\t\t<article>\n\t\t\t\t\t<div class=\"gb-author-info\">\n\t\t\t\t\t\t<span class=\"gb-author-name\">Rolf Betzel\n\t\t\t\t\t\t<\/span>\n\t\t\t\t\t\t<span class=\"gb-datetime\">\n\t\t\t\t\t\t\t<span class=\"gb-date\"><span class=\"gb-date-wrote-text\"> schrieb am<\/span><span class=\"gb-date-text\"> 26. August 2018<\/span>\n\t\t\t\t\t\t\t<\/span>\n\t\t\t\t\t\t<\/span> \n\t\t\t\t\t<\/div>\n\t\t\t\t\t<div class=\"gb-entry-content\">Ankommen und sich gleich wohlgef\u00fchlt. Perfekt! Vielen Dank\n\t\t\t\t\t<\/div>\n\t\t\t\t<\/article>\n\t\t\t<\/div>\n\t\t\t<div class=\"gb-entry gb-entry_5 gb-entry-count_7 gwolle_gb_uneven gwolle-gb-uneven\" data-entry_id=\"5\">\n\t\t\t\t<article>\n\t\t\t\t\t<div class=\"gb-author-info\">\n\t\t\t\t\t\t<span class=\"gb-author-name\">Eva-Maria Nerling\n\t\t\t\t\t\t<\/span>\n\t\t\t\t\t\t<span class=\"gb-datetime\">\n\t\t\t\t\t\t\t<span class=\"gb-date\"><span class=\"gb-date-wrote-text\"> schrieb am<\/span><span class=\"gb-date-text\"> 28. Juli 2018<\/span>\n\t\t\t\t\t\t\t<\/span>\n\t\t\t\t\t\t<\/span> \n\t\t\t\t\t<\/div>\n\t\t\t\t\t<div class=\"gb-entry-content\">Ein ganzes Reihenhaus -- was f&uuml;r Entfaltungsm&ouml;glichkeiten! Schicke Architektur, ein hoher Raum mit frei eingebauter Treppe wirkte sofort einladend. Der hohe Hauptraum erwies sich angesichts der extremen Sommerhitze (Juli 2018) als sehr vorteilhaft. Die kleine offene K&uuml;che ist hervorragend ausgestattet, eine erh&ouml;hte Bar und ein gro&szlig;er Esstisch erlauben flexible Gestaltung der Mahlzeiten. Das Bad ist sehr gro&szlig; und sch&ouml;n und bietet modernen Komfort. Dann ein ruhiges Schlafzimmer mit einem idyllischen G&auml;rtchen, das gem&uuml;tliche Wohnzimmer unter dem Dach, das wir allerdings wegen der Hitze nicht benutzt haben. Ein riesiger Balkon wird bei passendem Wetter zum vierten Zimmer. Wir haben uns super-wohl gef&uuml;hlt, konnten von diesem zentralen Punkt viele Ausfl&uuml;ge machen. Das WLan funktionierte auf Anhieb gro&szlig;artig! Barrierefrei ist das h&uuml;bsche H&auml;uschen allerdings nicht, man muss schon ein wenig Treppen klettern, aber f&uuml;r uns ist auch das Zweck des Urlaubs. Auch die Versorgung mit Lebensmitteln ist dank nahen Superm&auml;rkten gew&auml;hrleistet. Unsere Gastgeber begegneten uns mit gro&szlig;er Freundlichkeit.\n\t\t\t\t\t<\/div>\n\t\t\t\t<\/article>\n\t\t\t<\/div>\n\t\t\t<div class=\"gb-entry gb-entry_4 gb-entry-count_8 gwolle_gb_even gwolle-gb-even\" data-entry_id=\"4\">\n\t\t\t\t<article>\n\t\t\t\t\t<div class=\"gb-author-info\">\n\t\t\t\t\t\t<span class=\"gb-author-name\">U,Kr\u00fcger\n\t\t\t\t\t\t<\/span>\n\t\t\t\t\t\t<span class=\"gb-datetime\">\n\t\t\t\t\t\t\t<span class=\"gb-date\"><span class=\"gb-date-wrote-text\"> schrieb am<\/span><span class=\"gb-date-text\"> 12. Mai 2018<\/span>\n\t\t\t\t\t\t\t<\/span>\n\t\t\t\t\t\t<\/span> \n\t\t\t\t\t<\/div>\n\t\t\t\t\t<div class=\"gb-entry-content\">Wir haben uns in Ihrer Fewo II sehr wohl gef\u00fchlt. Sie ist sehr liebevoll und praktisch eingerichtet und es wurde an Alles gedacht. Vielen Dank f\u00fcr den netten Empfang mit dem Kuchen, den wir oben auf der Dachterrasse genossen haben.\r\nDie Fewo  empfehlen wir gerne weiter.\r\nFamilie Kr\u00fcger aus K\u00f6nigs Wusterhausen\n\t\t\t\t\t<\/div>\n\t\t\t\t<\/article>\n\t\t\t<\/div>\n\t\t\t<div class=\"gb-entry gb-entry_3 gb-entry-count_9 gwolle_gb_uneven gwolle-gb-uneven\" data-entry_id=\"3\">\n\t\t\t\t<article>\n\t\t\t\t\t<div class=\"gb-author-info\">\n\t\t\t\t\t\t<span class=\"gb-author-name\">Horst Jacke\n\t\t\t\t\t\t<\/span>\n\t\t\t\t\t\t<span class=\"gb-datetime\">\n\t\t\t\t\t\t\t<span class=\"gb-date\"><span class=\"gb-date-wrote-text\"> schrieb am<\/span><span class=\"gb-date-text\"> 22. Oktober 2017<\/span>\n\t\t\t\t\t\t\t<\/span>\n\t\t\t\t\t\t<\/span> \n\t\t\t\t\t<\/div>\n\t\t\t\t\t<div class=\"gb-entry-content\">Hallo,\r\nich habe eine sch\u00f6ne Woche mit meiner Frau in Laer verbracht.\r\nZum gelingen dieser Woche hat auch die Ferienwohnung von Frau Stenzel beigetragen. \r\nDie gem\u00fctlich und sauber eingerichtete Ferienwohnung 1 entsprach ganz unseren Vorstellungen und lag ruhig und zentral in Laer.\r\nWir sind in dieser Woche auf den gut beschilderten Fahrradwegen sehr viel mit dem Fahrrad gefahren und k\u00f6nnen diese Gegend um Steinfurt allen Radlern empfehlen.\r\n\r\nMit freundlichen Gr\u00fc\u00dfen\r\n\r\nHorst Jacke\n\t\t\t\t\t<\/div>\n\t\t\t\t<\/article>\n\t\t\t<\/div>\n\t\t\t<div class=\"gb-entry gb-entry_2 gb-entry-count_10 gwolle_gb_even gwolle-gb-even\" data-entry_id=\"2\">\n\t\t\t\t<article>\n\t\t\t\t\t<div class=\"gb-author-info\">\n\t\t\t\t\t\t<span class=\"gb-author-name\">Sylvia Haaser\n\t\t\t\t\t\t<\/span>\n\t\t\t\t\t\t<span class=\"gb-datetime\">\n\t\t\t\t\t\t\t<span class=\"gb-date\"><span class=\"gb-date-wrote-text\"> schrieb am<\/span><span class=\"gb-date-text\"> 8. Juli 2017<\/span>\n\t\t\t\t\t\t\t<\/span>\n\t\t\t\t\t\t<\/span> \n\t\t\t\t\t<\/div>\n\t\t\t\t\t<div class=\"gb-entry-content\">Hy,wir meine Tochter Jacqueline und Ich waren von 29.06. bis 02.07.2017 in Ihrer Ferienwohnung 2.Wir waren voll und ganz zufrieden.Alles sauber und in bester Ordnung.\r\n\r\nLG Sylvia und Jacqueline aus \u00d6sterreich (Tirol)\n\t\t\t\t\t<\/div>\n\t\t\t\t<\/article>\n\t\t\t<\/div>\n\t\t\t<\/div><\/div>\n","protected":false},"excerpt":{"rendered":"","protected":false},"author":1,"featured_media":0,"parent":0,"menu_order":0,"comment_status":"closed","ping_status":"closed","template":"","meta":{"footnotes":""},"class_list":["post-489","page","type-page","status-publish","hentry"],"_links":{"self":[{"href":"https:\/\/fewo-laer-muenster.de\/index.php?rest_route=\/wp\/v2\/pages\/489","targetHints":{"allow":["GET"]}}],"collection":[{"href":"https:\/\/fewo-laer-muenster.de\/index.php?rest_route=\/wp\/v2\/pages"}],"about":[{"href":"https:\/\/fewo-laer-muenster.de\/index.php?rest_route=\/wp\/v2\/types\/page"}],"author":[{"embeddable":true,"href":"https:\/\/fewo-laer-muenster.de\/index.php?rest_route=\/wp\/v2\/users\/1"}],"replies":[{"embeddable":true,"href":"https:\/\/fewo-laer-muenster.de\/index.php?rest_route=%2Fwp%2Fv2%2Fcomments&post=489"}],"version-history":[{"count":2,"href":"https:\/\/fewo-laer-muenster.de\/index.php?rest_route=\/wp\/v2\/pages\/489\/revisions"}],"predecessor-version":[{"id":493,"href":"https:\/\/fewo-laer-muenster.de\/index.php?rest_route=\/wp\/v2\/pages\/489\/revisions\/493"}],"wp:attachment":[{"href":"https:\/\/fewo-laer-muenster.de\/index.php?rest_route=%2Fwp%2Fv2%2Fmedia&parent=489"}],"curies":[{"name":"wp","href":"https:\/\/api.w.org\/{rel}","templated":true}]}}