{"id":38,"date":"2016-12-20T16:01:03","date_gmt":"2016-12-20T16:01:03","guid":{"rendered":"http:\/\/fewo-laer-muenster.de\/?page_id=38"},"modified":"2017-05-02T18:05:47","modified_gmt":"2017-05-02T18:05:47","slug":"ferienwohnung-2","status":"publish","type":"page","link":"https:\/\/fewo-laer-muenster.de\/?page_id=38","title":{"rendered":"Ferienwohnung 2"},"content":{"rendered":"<h2><strong>Wohnung 2<\/strong> (bis 5 Personen): L\u00f6chtefeldstiege 4b<\/h2>\n<p>Nur f\u00fcnf Fu\u00df-\u00adMinuten von Wohnung 1 entfernt liegt unsere au\u00dfergew\u00f6hnliche Ferienwohnung 2, die 93 qm gro\u00df ist und \u00fcber eine gro\u00dfe Sonnenterrasse und einen begr\u00fcnten Freisitz verf\u00fcgt.<\/p>\n<p>Im Erdgeschoss liegt der offene Wohn\u00ad\/Essbereich mit integrierter, vollst\u00e4ndig ausgestatteter Einbauk\u00fcche (inkl. Geschirrsp\u00fcler, Backofen, Ceran-\u00adHerd, Mikrowelle, K\u00fchl\u00ad-\/Gefrierschrank, Kaffee- und Senseo-Maschine sowie bef\u00fclltem Getr\u00e4nke-K\u00fchlschrank), Abstellraum mit Waschmaschine und W\u00e4schetrockner und Bad mit Dusche, WC, Doppel\u00ad-Waschbecken. In der ersten Etage schlie\u00dft sich ein gro\u00dfes Schlafzimmer mit zwei luxuri\u00f6sen Boxspring\u00ad-Betten (als Doppelbett oder als Einzelbetten zu gestalten!) an. Von hier aus ist auch die gro\u00dfe m\u00f6blierte Terrasse erreichbar, auf der Sie bei sch\u00f6nem Wetter herrlich entspannen k\u00f6nnen und der begr\u00fcnte Freisitz, auf dem Sie an sonnigen Sommerabenden grillen k\u00f6nnen.<\/p>\n<p>In der zweiten Etage bietet die offene Wohngalerie eine gem\u00fctliche, hochwertige Sofakombination mit Schlaffunktion (auch als Doppelbett nutzbar) und ein Zustellbett. Jede Etage verf\u00fcgt \u00fcber einen gro\u00dfen Flachbildschirm-Fernseher.<\/p>\n<div id=\"metaslider-id-186\" style=\"max-width: 900px;\" class=\"ml-slider-3-93-0 metaslider metaslider-nivo metaslider-186 ml-slider ms-theme-nivo-dark has-dots-nav\" role=\"region\" aria-roledescription=\"Slideshow\" aria-label=\"FW2\">\n    <div id=\"metaslider_container_186\">\n        <div class='slider-wrapper theme-default'><div class='ribbon'><\/div><div id='metaslider_186' class='nivoSlider'><img loading=\"lazy\" decoding=\"async\" src=\"https:\/\/fewo-laer-muenster.de\/wp-content\/uploads\/2016\/12\/IMG_4196-900x600.jpg\" height=\"600\" width=\"900\" data-caption=\"Der Hauseingang\" alt=\"\" class=\"slider-186 slide-184\" \/><img loading=\"lazy\" decoding=\"async\" src=\"https:\/\/fewo-laer-muenster.de\/wp-content\/uploads\/2019\/03\/AwardFewo2_2019-432x288.jpg\" height=\"600\" width=\"900\" data-caption=\"Booking.com Guest Review Awards 2018\" title=\"AwardFewo2_2019\" alt=\"\" class=\"slider-186 slide-450\" \/><img loading=\"lazy\" decoding=\"async\" src=\"https:\/\/fewo-laer-muenster.de\/wp-content\/uploads\/2018\/02\/2018-02-20-PHOTO-00001024-900x600.jpg\" height=\"600\" width=\"900\" data-caption=\"Booking.com Guest Review Awards 2017\r\n\" alt=\"\" class=\"slider-186 slide-407\" \/><img loading=\"lazy\" decoding=\"async\" src=\"https:\/\/fewo-laer-muenster.de\/wp-content\/uploads\/2016\/12\/Terrasse-900x600.jpg\" height=\"600\" width=\"900\" data-caption=\"Die Dachterrasse\" alt=\"\" class=\"slider-186 slide-185\" \/><img loading=\"lazy\" decoding=\"async\" src=\"https:\/\/fewo-laer-muenster.de\/wp-content\/uploads\/2016\/12\/IMG_0596-900x600.jpg\" height=\"600\" width=\"900\" alt=\"\" class=\"slider-186 slide-122\" \/><img loading=\"lazy\" decoding=\"async\" src=\"https:\/\/fewo-laer-muenster.de\/wp-content\/uploads\/2016\/12\/IMG_0597-900x600.jpg\" height=\"600\" width=\"900\" alt=\"\" class=\"slider-186 slide-123\" \/><img loading=\"lazy\" decoding=\"async\" src=\"https:\/\/fewo-laer-muenster.de\/wp-content\/uploads\/2016\/12\/IMG_0598-900x600.jpg\" height=\"600\" width=\"900\" alt=\"\" class=\"slider-186 slide-124\" \/><img loading=\"lazy\" decoding=\"async\" src=\"https:\/\/fewo-laer-muenster.de\/wp-content\/uploads\/2016\/12\/IMG_0601-900x600.jpg\" height=\"600\" width=\"900\" alt=\"\" class=\"slider-186 slide-126\" \/><img loading=\"lazy\" decoding=\"async\" src=\"https:\/\/fewo-laer-muenster.de\/wp-content\/uploads\/2016\/12\/IMG_0593-900x600.jpg\" height=\"600\" width=\"900\" alt=\"\" class=\"slider-186 slide-119\" \/><img loading=\"lazy\" decoding=\"async\" src=\"https:\/\/fewo-laer-muenster.de\/wp-content\/uploads\/2016\/12\/IMG_0595-900x600.jpg\" height=\"600\" width=\"900\" alt=\"\" class=\"slider-186 slide-121\" \/><img loading=\"lazy\" decoding=\"async\" src=\"https:\/\/fewo-laer-muenster.de\/wp-content\/uploads\/2016\/12\/IMG_0592-900x600.jpg\" height=\"600\" width=\"900\" alt=\"\" class=\"slider-186 slide-118\" \/><img loading=\"lazy\" decoding=\"async\" src=\"https:\/\/fewo-laer-muenster.de\/wp-content\/uploads\/2016\/12\/IMG_0590-900x600.jpg\" height=\"600\" width=\"900\" alt=\"\" class=\"slider-186 slide-116\" \/><img loading=\"lazy\" decoding=\"async\" src=\"https:\/\/fewo-laer-muenster.de\/wp-content\/uploads\/2016\/12\/IMG_0661-900x600.jpg\" height=\"600\" width=\"900\" alt=\"\" class=\"slider-186 slide-151\" \/><img loading=\"lazy\" decoding=\"async\" src=\"https:\/\/fewo-laer-muenster.de\/wp-content\/uploads\/2016\/12\/IMG_0591-900x600.jpg\" height=\"600\" width=\"900\" alt=\"\" class=\"slider-186 slide-117\" \/><img loading=\"lazy\" decoding=\"async\" src=\"https:\/\/fewo-laer-muenster.de\/wp-content\/uploads\/2016\/12\/IMG_0580-900x600.jpg\" height=\"600\" width=\"900\" alt=\"\" class=\"slider-186 slide-109\" \/><img loading=\"lazy\" decoding=\"async\" src=\"https:\/\/fewo-laer-muenster.de\/wp-content\/uploads\/2016\/12\/IMG_0582-900x600.jpg\" height=\"600\" width=\"900\" alt=\"\" class=\"slider-186 slide-111\" \/><\/div><\/div>\n        \n    <\/div>\n<\/div>\n","protected":false},"excerpt":{"rendered":"<p>Wohnung 2 (bis 5 Personen): L\u00f6chtefeldstiege 4b Nur f\u00fcnf Fu\u00df-\u00adMinuten von Wohnung 1 entfernt liegt unsere au\u00dfergew\u00f6hnliche Ferienwohnung 2, die 93 qm gro\u00df ist und \u00fcber eine gro\u00dfe Sonnenterrasse und einen begr\u00fcnten Freisitz verf\u00fcgt. Im Erdgeschoss liegt der offene Wohn\u00ad\/Essbereich mit integrierter, vollst\u00e4ndig ausgestatteter Einbauk\u00fcche (inkl. Geschirrsp\u00fcler, Backofen, Ceran-\u00adHerd, Mikrowelle, K\u00fchl\u00ad-\/Gefrierschrank, Kaffee- und Senseo-Maschine sowie &hellip; <\/p>\n<p class=\"link-more\"><a href=\"https:\/\/fewo-laer-muenster.de\/?page_id=38\" class=\"more-link\"><span class=\"screen-reader-text\">\u201eFerienwohnung 2\u201c<\/span> weiterlesen<\/a><\/p>\n","protected":false},"author":1,"featured_media":123,"parent":0,"menu_order":0,"comment_status":"closed","ping_status":"closed","template":"","meta":{"footnotes":""},"class_list":["post-38","page","type-page","status-publish","has-post-thumbnail","hentry"],"_links":{"self":[{"href":"https:\/\/fewo-laer-muenster.de\/index.php?rest_route=\/wp\/v2\/pages\/38","targetHints":{"allow":["GET"]}}],"collection":[{"href":"https:\/\/fewo-laer-muenster.de\/index.php?rest_route=\/wp\/v2\/pages"}],"about":[{"href":"https:\/\/fewo-laer-muenster.de\/index.php?rest_route=\/wp\/v2\/types\/page"}],"author":[{"embeddable":true,"href":"https:\/\/fewo-laer-muenster.de\/index.php?rest_route=\/wp\/v2\/users\/1"}],"replies":[{"embeddable":true,"href":"https:\/\/fewo-laer-muenster.de\/index.php?rest_route=%2Fwp%2Fv2%2Fcomments&post=38"}],"version-history":[{"count":14,"href":"https:\/\/fewo-laer-muenster.de\/index.php?rest_route=\/wp\/v2\/pages\/38\/revisions"}],"predecessor-version":[{"id":398,"href":"https:\/\/fewo-laer-muenster.de\/index.php?rest_route=\/wp\/v2\/pages\/38\/revisions\/398"}],"wp:featuredmedia":[{"embeddable":true,"href":"https:\/\/fewo-laer-muenster.de\/index.php?rest_route=\/wp\/v2\/media\/123"}],"wp:attachment":[{"href":"https:\/\/fewo-laer-muenster.de\/index.php?rest_route=%2Fwp%2Fv2%2Fmedia&parent=38"}],"curies":[{"name":"wp","href":"https:\/\/api.w.org\/{rel}","templated":true}]}}

<h2><strong>Wohnung 2</strong> (bis 5 Personen): Löchtefeldstiege 4b</h2>
<p>Nur fünf Fuß-­Minuten von Wohnung 1 entfernt liegt unsere außergewöhnliche Ferienwohnung 2, die 93 qm groß ist und über eine große Sonnenterrasse und einen begrünten Freisitz verfügt.</p>
<p>Im Erdgeschoss liegt der offene Wohn­/Essbereich mit integrierter, vollständig ausgestatteter Einbauküche (inkl. Geschirrspüler, Backofen, Ceran-­Herd, Mikrowelle, Kühl­-/Gefrierschrank, Kaffee- und Senseo-Maschine sowie befülltem Getränke-Kühlschrank), Abstellraum mit Waschmaschine und Wäschetrockner und Bad mit Dusche, WC, Doppel­-Waschbecken. In der ersten Etage schließt sich ein großes Schlafzimmer mit zwei luxuriösen Boxspring­-Betten (als Doppelbett oder als Einzelbetten zu gestalten!) an. Von hier aus ist auch die große möblierte Terrasse erreichbar, auf der Sie bei schönem Wetter herrlich entspannen können und der begrünte Freisitz, auf dem Sie an sonnigen Sommerabenden grillen können.</p>
<p>In der zweiten Etage bietet die offene Wohngalerie eine gemütliche, hochwertige Sofakombination mit Schlaffunktion (auch als Doppelbett nutzbar) und ein Zustellbett. Jede Etage verfügt über einen großen Flachbildschirm-Fernseher.</p>
<div id="metaslider-id-186" style="max-width: 900px;" class="ml-slider-3-93-0 metaslider metaslider-nivo metaslider-186 ml-slider ms-theme-nivo-dark has-dots-nav" role="region" aria-roledescription="Slideshow" aria-label="FW2">
    <div id="metaslider_container_186">
        <div class='slider-wrapper theme-default'><div class='ribbon'></div><div id='metaslider_186' class='nivoSlider'><img loading="lazy" decoding="async" src="https://fewo-laer-muenster.de/wp-content/uploads/2016/12/IMG_4196-900x600.jpg" height="600" width="900" data-caption="Der Hauseingang" alt="" class="slider-186 slide-184" /><img loading="lazy" decoding="async" src="https://fewo-laer-muenster.de/wp-content/uploads/2019/03/AwardFewo2_2019-432x288.jpg" height="600" width="900" data-caption="Booking.com Guest Review Awards 2018" title="AwardFewo2_2019" alt="" class="slider-186 slide-450" /><img loading="lazy" decoding="async" src="https://fewo-laer-muenster.de/wp-content/uploads/2018/02/2018-02-20-PHOTO-00001024-900x600.jpg" height="600" width="900" data-caption="Booking.com Guest Review Awards 2017
" alt="" class="slider-186 slide-407" /><img loading="lazy" decoding="async" src="https://fewo-laer-muenster.de/wp-content/uploads/2016/12/Terrasse-900x600.jpg" height="600" width="900" data-caption="Die Dachterrasse" alt="" class="slider-186 slide-185" /><img loading="lazy" decoding="async" src="https://fewo-laer-muenster.de/wp-content/uploads/2016/12/IMG_0596-900x600.jpg" height="600" width="900" alt="" class="slider-186 slide-122" /><img loading="lazy" decoding="async" src="https://fewo-laer-muenster.de/wp-content/uploads/2016/12/IMG_0597-900x600.jpg" height="600" width="900" alt="" class="slider-186 slide-123" /><img loading="lazy" decoding="async" src="https://fewo-laer-muenster.de/wp-content/uploads/2016/12/IMG_0598-900x600.jpg" height="600" width="900" alt="" class="slider-186 slide-124" /><img loading="lazy" decoding="async" src="https://fewo-laer-muenster.de/wp-content/uploads/2016/12/IMG_0601-900x600.jpg" height="600" width="900" alt="" class="slider-186 slide-126" /><img loading="lazy" decoding="async" src="https://fewo-laer-muenster.de/wp-content/uploads/2016/12/IMG_0593-900x600.jpg" height="600" width="900" alt="" class="slider-186 slide-119" /><img loading="lazy" decoding="async" src="https://fewo-laer-muenster.de/wp-content/uploads/2016/12/IMG_0595-900x600.jpg" height="600" width="900" alt="" class="slider-186 slide-121" /><img loading="lazy" decoding="async" src="https://fewo-laer-muenster.de/wp-content/uploads/2016/12/IMG_0592-900x600.jpg" height="600" width="900" alt="" class="slider-186 slide-118" /><img loading="lazy" decoding="async" src="https://fewo-laer-muenster.de/wp-content/uploads/2016/12/IMG_0590-900x600.jpg" height="600" width="900" alt="" class="slider-186 slide-116" /><img loading="lazy" decoding="async" src="https://fewo-laer-muenster.de/wp-content/uploads/2016/12/IMG_0661-900x600.jpg" height="600" width="900" alt="" class="slider-186 slide-151" /><img loading="lazy" decoding="async" src="https://fewo-laer-muenster.de/wp-content/uploads/2016/12/IMG_0591-900x600.jpg" height="600" width="900" alt="" class="slider-186 slide-117" /><img loading="lazy" decoding="async" src="https://fewo-laer-muenster.de/wp-content/uploads/2016/12/IMG_0580-900x600.jpg" height="600" width="900" alt="" class="slider-186 slide-109" /><img loading="lazy" decoding="async" src="https://fewo-laer-muenster.de/wp-content/uploads/2016/12/IMG_0582-900x600.jpg" height="600" width="900" alt="" class="slider-186 slide-111" /></div></div>
        
    </div>
</div>

<p>Wohnung 2 (bis 5 Personen): Löchtefeldstiege 4b Nur fünf Fuß-­Minuten von Wohnung 1 entfernt liegt unsere außergewöhnliche Ferienwohnung 2, die 93 qm groß ist und über eine große Sonnenterrasse und einen begrünten Freisitz verfügt. Im Erdgeschoss liegt der offene Wohn­/Essbereich mit integrierter, vollständig ausgestatteter Einbauküche (inkl. Geschirrspüler, Backofen, Ceran-­Herd, Mikrowelle, Kühl­-/Gefrierschrank, Kaffee- und Senseo-Maschine sowie &hellip; </p>
<p class="link-more"><a href="https://fewo-laer-muenster.de/?page_id=38" class="more-link"><span class="screen-reader-text">„Ferienwohnung 2“</span> weiterlesen</a></p>
